late the highest common divisor of 7999527 and 19932.
453
Calculate the highest common factor of 520641 and 13026543.
5259
What is the highest common divisor of 11 and 1372418454?
11
Calculate the highest common divisor of 489275 and 3000.
25
What is the highest common divisor of 40670520 and 75?
15
Calculate the greatest common divisor of 390 and 2705520.
30
Calculate the highest common factor of 1 and 286154371.
1
What is the highest common divisor of 956 and 1179230302?
478
What is the greatest common divisor of 1363791 and 237269?
289
Calculate the greatest common factor of 3822 and 316797.
39
What is the highest common divisor of 243492 and 6298878?
1182
Calculate the highest common divisor of 1353 and 980760.
33
What is the highest common factor of 6608 and 4707256?
472
Calculate the highest common factor of 4074575 and 225.
25
Calculate the highest common factor of 621400 and 525200.
2600
What is the greatest common factor of 6754323 and 376?
47
Calculate the highest common factor of 23720816 and 13632.
1136
What is the highest common factor of 251397 and 21519?
27
Calculate the greatest common factor of 497665 and 28704305.
8435
Calculate the highest common divisor of 165620336 and 53.
53
What is the highest common factor of 10962 and 13386632?
406
What is the highest common divisor of 17036028 and 1044?
36
What is the greatest common factor of 28655493 and 20148?
5037
What is the highest common factor of 8496 and 497606?
118
What is the greatest common factor of 43549 and 11507?
37
What is the highest common divisor of 532996 and 3325942?
1174
Calculate the highest common factor of 394563 and 84258.
453
Calculate the greatest common factor of 467280 and 564960.
2640
What is the greatest common divisor of 1840425 and 65283?
1389
Calculate the greatest common divisor of 58761225 and 17721.
1611
What is the greatest common divisor of 790 and 3598430?
10
What is the highest common factor of 181953 and 73445724?
7911
What is the highest common divisor of 7670 and 165790?
590
What is the greatest common factor of 822 and 51747777?
411
Calculate the greatest common factor of 4767255 and 315.
45
What is the greatest common divisor of 20592 and 257378?
22
Calculate the highest common divisor of 12140 and 14424748.
2428
What is the greatest common factor of 416 and 7427472?
208
Calculate the highest common factor of 682553810 and 10.
10
Calculate the highest common factor of 48818 and 1005158.
154
What is the greatest common divisor of 1164 and 6888746?
194
What is the greatest common divisor of 83858736 and 39?
39
Calculate the greatest common factor of 867 and 130332.
3
Calculate the highest common divisor of 281 and 50321.
1
What is the highest common factor of 1064 and 86291996?
532
Calculate the greatest common factor of 8037 and 21041759.
893
Calculate the highest common factor of 5295 and 3474090.
15
Calculate the greatest common factor of 90935865 and 4455.
405
Calculate the greatest common factor of 42819095 and 275.
55
What is the highest common factor of 27169 and 5692309?
269
What is the greatest common factor of 24850 and 205474?
142
What is the highest common factor of 6 and 1015554?
6
Calculate the greatest common divisor of 10734735 and 129.
129
Calculate the highest common factor of 90 and 201552120.
90
What is the highest common divisor of 546 and 1752738?
78
Calculate the greatest common factor of 52522 and 127.
1
Calculate the highest common factor of 100 and 14509100.
100
Calculate the highest common divisor of 2364 and 726207798.
1182
What is the highest common divisor of 550 and 5039210?
110
Calculate the greatest common factor of 3030 and 616029805.
505
Calculate the highest common divisor of 26623944 and 288.
72
What is the greatest common factor of 650 and 1840?
10
What is the highest common factor of 46417778 and 21417?
7139
Calculate the highest common divisor of 60770763 and 27.
27
Calculate the highest common divisor of 19024 and 13356037.
1189
Calculate the highest common factor of 58618730 and 2220.
370
Calculate the highest common divisor of 153341349 and 2799.
933
Calculate the highest common divisor of 3480 and 249190.
10
Calculate the highest common divisor of 528 and 121188.
12
What is the greatest common factor of 34 and 1261776?
2
Calculate the greatest common divisor of 26321559 and 957.
33
What is the highest common divisor of 146550375 and 18?
9
What is the highest common factor of 2599984 and 112?
16
What is the greatest common divisor of 5 and 248041?
1
What is the greatest common factor of 3946143 and 698?
349
What is the highest common divisor of 16214 and 457567?
11
What is the highest common divisor of 50572312 and 22148?
196
Calculate the highest common factor of 57924693 and 837.
27
Calculate the greatest common factor of 197784340 and 19716.
6572
Calculate the highest common factor of 54472290 and 388.
194
What is the greatest common divisor of 7000 and 1119160?
280
Calculate the highest common factor of 120 and 3085176.
24
Calculate the greatest common divisor of 117 and 250784053.
13
Calculate the greatest common factor of 209460100 and 40.
20
Calculate the greatest common factor of 650772 and 1548.
36
Calculate the highest common divisor of 290995116 and 36.
12
Calculate the highest common factor of 157935 and 12225.
15
Calculate the highest common factor of 11559705 and 60.
15
Calculate the highest common divisor of 12080724 and 12309.
1119
What is the greatest common factor of 376 and 63102764?
188
What is the greatest common divisor of 1332 and 8196684?
444
Calculate the greatest common factor of 118110 and 5437759.
127
What is the highest common divisor of 979 and 709742?
11
Calculate the greatest common divisor of 7700 and 9767670.
110
Calculate the greatest common factor of 2841176 and 3094.
442
Calculate the highest common factor of 35033964 and 1888.
236
Calculate the greatest common divisor of 180 and 80758035.
45
Calculate the greatest common factor of 33537 and 40824.
21
What is the greatest common divisor of 1050294 and 62832?
714
What is the highest common divisor of 12 and 6764208?
12
Calculate the highest common factor of 1317609 and 3091.
281
What is the highest common factor of 4192069 and 2366?
7
What is the highest common factor of 33380370 and 30?
30
What is the highest common factor of 820 and 9310526?
82
What is the highest common divisor of 448 and 675346?
14
What is the greatest common divisor of 6547 and 137611393?
6547
Calculate the highest common divisor of 390150 and 29070.
1530
What is the highest common divisor of 1123827329 and 601?
601
What is the greatest common factor of 955358 and 591356?
1178
What is the highest common factor of 81 and 295058619?
81
What is the greatest common divisor of 199990 and 125230?
70
Calculate the highest common factor of 9225468 and 4158.
378
What is the greatest common factor of 22271578 and 42?
14
What is the highest common divisor of 1334795 and 10633?
7
What is the highest common divisor of 1523999520 and 8397?
2799
What is the greatest common divisor of 89739 and 428922?
1521
What is the greatest common factor of 843455 and 765?
85
What is the highest common divisor of 11699818 and 13572?
754
What is the highest common divisor of 14888 and 232625?
1861
What is the greatest common factor of 245753770 and 1095?
365
Calculate the highest common factor of 10521 and 31662365.
1169
What is the greatest common factor of 6542951 and 1189?
29
Calculate the highest common divisor of 10820592 and 72.
72
Calculate the greatest common factor of 5 and 18676396.
1
Calculate the greatest common divisor of 533053 and 95.
1
Calculate the highest common divisor of 250 and 1196040.
10
Calculate the greatest common divisor of 248 and 21990873.
31
What is the greatest common divisor of 400 and 151633520?
80
What is the greatest common factor of 2848832 and 41408?
64
Calculate the greatest common divisor of 100 and 11565000.
100
What is the greatest common divisor of 648431 and 10591?
119
What is the greatest common factor of 18502372 and 42?
14
What is the greatest common factor of 405762 and 15078?
42
Calculate the highest common factor of 4008 and 5520.
24
What is the greatest common factor of 7857 and 25057913?
97
What is the highest comm